{"id":14827,"date":"2026-03-12T18:08:33","date_gmt":"2026-03-13T01:08:33","guid":{"rendered":"https:\/\/sonomalandtrust.org\/event\/bano-en-el-bosque-con-jenny-harrow-keeler-3\/"},"modified":"2026-03-12T18:08:33","modified_gmt":"2026-03-13T01:08:33","slug":"bano-en-el-bosque-con-jenny-harrow-keeler-3","status":"publish","type":"event","link":"https:\/\/sonomalandtrust.org\/es\/event\/bano-en-el-bosque-con-jenny-harrow-keeler-3\/","title":{"rendered":"Ba\u00f1o en el bosque con Jenny Harrow-Keeler"},"content":{"rendered":"<div>\n<div>\n<p>Una sesi\u00f3n guiada de ba\u00f1o de bosque es una pr\u00e1ctica basada en la atenci\u00f3n plena que invita a los participantes a reducir la velocidad y conectar profundamente con la naturaleza. Dirigida por un gu\u00eda formado en la naturaleza, esta pr\u00e1ctica implica una serie de invitaciones sensoriales para involucrar la vista, el o\u00eddo, el tacto, el olfato e incluso el gusto. La experiencia fomenta un sentido de conexi\u00f3n no s\u00f3lo con la naturaleza, sino tambi\u00e9n con los dem\u00e1s. El ba\u00f1o de bosque no consiste en llegar a un destino, sino en sumergirse en la atm\u00f3sfera curativa del mundo natural.   <\/p>\n<p>\u00a1\u00danete a Sonoma Land Trust y Ag + Open Space en la V\u00eda Verde del Sureste de Santa Rosa para ba\u00f1arte en el bosque!<\/p>\n<p><\/p>\n<p><em><em>La V\u00eda Verde del Sureste de Santa Rosa fue protegida en 2024 por Ag + Open Space para recreo y conservaci\u00f3n de sus recursos naturales. Este evento es gratuito y posible gracias a los votantes del condado de Sonoma, que financian la labor de Ag + Open Space con un impuesto sobre las ventas de un cuarto de centavo.<\/em><\/em><\/p>\n<\/div>\n<\/div>\n","protected":false},"featured_media":14830,"template":"","meta":{"_acf_changed":false},"event-type":[118],"guided-walks-and-hikes-difficult":[91],"class_list":["post-14827","event","type-event","status-publish","has-post-thumbnail","hentry","event-type-experiencias-en-la-naturaleza-accesibles","guided-walks-and-hikes-difficult-suave"],"acf":[],"yoast_head":"<!-- This site is optimized with the Yoast SEO plugin v27.3 - https:\/\/yoast.com\/product\/yoast-seo-wordpress\/ -->\n<title>Ba\u00f1o en el bosque con Jenny Harrow-Keeler &#8212; Sonoma Land Trust<\/title>\n<meta name=\"robots\" content=\"index, follow, max-snippet:-1, max-image-preview:large, max-video-preview:-1\" \/>\n<link rel=\"canonical\" href=\"https:\/\/sonomalandtrust.org\/es\/event\/bano-en-el-bosque-con-jenny-harrow-keeler-3\/\" \/>\n<meta property=\"og:locale\" content=\"es_ES\" \/>\n<meta property=\"og:type\" content=\"article\" \/>\n<meta property=\"og:title\" content=\"Ba\u00f1o en el bosque con Jenny Harrow-Keeler &#8212; Sonoma Land Trust\" \/>\n<meta property=\"og:description\" content=\"Una sesi\u00f3n guiada de ba\u00f1o de bosque es una pr\u00e1ctica basada en la atenci\u00f3n plena que invita a los participantes a reducir la velocidad y conectar profundamente con la naturaleza. Dirigida por un gu\u00eda formado en la naturaleza, esta pr\u00e1ctica implica una serie de invitaciones sensoriales para involucrar la vista, el o\u00eddo, el tacto, el [&hellip;]\" \/>\n<meta property=\"og:url\" content=\"https:\/\/sonomalandtrust.org\/es\/event\/bano-en-el-bosque-con-jenny-harrow-keeler-3\/\" \/>\n<meta property=\"og:site_name\" content=\"Sonoma Land Trust\" \/>\n<meta property=\"article:publisher\" content=\"http:\/\/www.facebook.com\/Sonoma-Land-Trust\/\" \/>\n<meta property=\"og:image\" content=\"https:\/\/sonomalandtrust.org\/wp-content\/uploads\/2026\/03\/eventbrite-image-1773804077.jpg\" \/>\n\t<meta property=\"og:image:width\" content=\"1216\" \/>\n\t<meta property=\"og:image:height\" content=\"754\" \/>\n\t<meta property=\"og:image:type\" content=\"image\/jpeg\" \/>\n<meta name=\"twitter:card\" content=\"summary_large_image\" \/>\n<meta name=\"twitter:label1\" content=\"Est. reading time\" \/>\n\t<meta name=\"twitter:data1\" content=\"1 minuto\" \/>\n<script type=\"application\/ld+json\" class=\"yoast-schema-graph\">{\"@context\":\"https:\\\/\\\/schema.org\",\"@graph\":[{\"@type\":\"WebPage\",\"@id\":\"https:\\\/\\\/sonomalandtrust.org\\\/es\\\/event\\\/bano-en-el-bosque-con-jenny-harrow-keeler-3\\\/\",\"url\":\"https:\\\/\\\/sonomalandtrust.org\\\/es\\\/event\\\/bano-en-el-bosque-con-jenny-harrow-keeler-3\\\/\",\"name\":\"Ba\u00f1o en el bosque con Jenny Harrow-Keeler &#8212; Sonoma Land Trust\",\"isPartOf\":{\"@id\":\"https:\\\/\\\/slt-2026.eclipse-dev.com\\\/#website\"},\"primaryImageOfPage\":{\"@id\":\"https:\\\/\\\/sonomalandtrust.org\\\/es\\\/event\\\/bano-en-el-bosque-con-jenny-harrow-keeler-3\\\/#primaryimage\"},\"image\":{\"@id\":\"https:\\\/\\\/sonomalandtrust.org\\\/es\\\/event\\\/bano-en-el-bosque-con-jenny-harrow-keeler-3\\\/#primaryimage\"},\"thumbnailUrl\":\"https:\\\/\\\/sonomalandtrust.org\\\/wp-content\\\/uploads\\\/2026\\\/03\\\/eventbrite-image-1773804077.jpg\",\"datePublished\":\"2026-03-13T01:08:33+00:00\",\"breadcrumb\":{\"@id\":\"https:\\\/\\\/sonomalandtrust.org\\\/es\\\/event\\\/bano-en-el-bosque-con-jenny-harrow-keeler-3\\\/#breadcrumb\"},\"inLanguage\":\"es\",\"potentialAction\":[{\"@type\":\"ReadAction\",\"target\":[\"https:\\\/\\\/sonomalandtrust.org\\\/es\\\/event\\\/bano-en-el-bosque-con-jenny-harrow-keeler-3\\\/\"]}]},{\"@type\":\"ImageObject\",\"inLanguage\":\"es\",\"@id\":\"https:\\\/\\\/sonomalandtrust.org\\\/es\\\/event\\\/bano-en-el-bosque-con-jenny-harrow-keeler-3\\\/#primaryimage\",\"url\":\"https:\\\/\\\/sonomalandtrust.org\\\/wp-content\\\/uploads\\\/2026\\\/03\\\/eventbrite-image-1773804077.jpg\",\"contentUrl\":\"https:\\\/\\\/sonomalandtrust.org\\\/wp-content\\\/uploads\\\/2026\\\/03\\\/eventbrite-image-1773804077.jpg\",\"width\":1216,\"height\":754},{\"@type\":\"BreadcrumbList\",\"@id\":\"https:\\\/\\\/sonomalandtrust.org\\\/es\\\/event\\\/bano-en-el-bosque-con-jenny-harrow-keeler-3\\\/#breadcrumb\",\"itemListElement\":[{\"@type\":\"ListItem\",\"position\":1,\"name\":\"Home\",\"item\":\"https:\\\/\\\/sonomalandtrust.org\\\/es\\\/inicio\\\/\"},{\"@type\":\"ListItem\",\"position\":2,\"name\":\"Ba\u00f1o en el bosque con Jenny Harrow-Keeler\"}]},{\"@type\":\"WebSite\",\"@id\":\"https:\\\/\\\/slt-2026.eclipse-dev.com\\\/#website\",\"url\":\"https:\\\/\\\/slt-2026.eclipse-dev.com\\\/\",\"name\":\"Sonoma Land Trust\",\"description\":\"\",\"publisher\":{\"@id\":\"https:\\\/\\\/slt-2026.eclipse-dev.com\\\/#organization\"},\"potentialAction\":[{\"@type\":\"SearchAction\",\"target\":{\"@type\":\"EntryPoint\",\"urlTemplate\":\"https:\\\/\\\/slt-2026.eclipse-dev.com\\\/?s={search_term_string}\"},\"query-input\":{\"@type\":\"PropertyValueSpecification\",\"valueRequired\":true,\"valueName\":\"search_term_string\"}}],\"inLanguage\":\"es\"},{\"@type\":\"Organization\",\"@id\":\"https:\\\/\\\/slt-2026.eclipse-dev.com\\\/#organization\",\"name\":\"Fondo de Tierras de Sonoma\",\"url\":\"https:\\\/\\\/slt-2026.eclipse-dev.com\\\/\",\"logo\":{\"@type\":\"ImageObject\",\"inLanguage\":\"es\",\"@id\":\"https:\\\/\\\/slt-2026.eclipse-dev.com\\\/#\\\/schema\\\/logo\\\/image\\\/\",\"url\":\"https:\\\/\\\/sonomalandtrust.org\\\/wp-content\\\/uploads\\\/2025\\\/10\\\/slt-logo.png\",\"contentUrl\":\"https:\\\/\\\/sonomalandtrust.org\\\/wp-content\\\/uploads\\\/2025\\\/10\\\/slt-logo.png\",\"width\":549,\"height\":333,\"caption\":\"Fondo de Tierras de Sonoma\"},\"image\":{\"@id\":\"https:\\\/\\\/slt-2026.eclipse-dev.com\\\/#\\\/schema\\\/logo\\\/image\\\/\"},\"sameAs\":[\"http:\\\/\\\/www.facebook.com\\\/Sonoma-Land-Trust\\\/\",\"https:\\\/\\\/www.instagram.com\\\/sonomalandtrust\\\/\",\"https:\\\/\\\/bsky.app\\\/profile\\\/sonomalandtrust.bsky.social\",\"https:\\\/\\\/www.youtube.com\\\/user\\\/SonomaLandTrust\\\/\",\"http:\\\/\\\/www.linkedin.com\\\/company\\\/1090048?trk=tyah\"]}]}<\/script>\n<!-- \/ Yoast SEO plugin. -->","yoast_head_json":{"title":"Ba\u00f1o en el bosque con Jenny Harrow-Keeler &#8212; Sonoma Land Trust","robots":{"index":"index","follow":"follow","max-snippet":"max-snippet:-1","max-image-preview":"max-image-preview:large","max-video-preview":"max-video-preview:-1"},"canonical":"https:\/\/sonomalandtrust.org\/es\/event\/bano-en-el-bosque-con-jenny-harrow-keeler-3\/","og_locale":"es_ES","og_type":"article","og_title":"Ba\u00f1o en el bosque con Jenny Harrow-Keeler &#8212; Sonoma Land Trust","og_description":"Una sesi\u00f3n guiada de ba\u00f1o de bosque es una pr\u00e1ctica basada en la atenci\u00f3n plena que invita a los participantes a reducir la velocidad y conectar profundamente con la naturaleza. Dirigida por un gu\u00eda formado en la naturaleza, esta pr\u00e1ctica implica una serie de invitaciones sensoriales para involucrar la vista, el o\u00eddo, el tacto, el [&hellip;]","og_url":"https:\/\/sonomalandtrust.org\/es\/event\/bano-en-el-bosque-con-jenny-harrow-keeler-3\/","og_site_name":"Sonoma Land Trust","article_publisher":"http:\/\/www.facebook.com\/Sonoma-Land-Trust\/","og_image":[{"width":1216,"height":754,"url":"https:\/\/sonomalandtrust.org\/wp-content\/uploads\/2026\/03\/eventbrite-image-1773804077.jpg","type":"image\/jpeg"}],"twitter_card":"summary_large_image","twitter_misc":{"Est. reading time":"1 minuto"},"schema":{"@context":"https:\/\/schema.org","@graph":[{"@type":"WebPage","@id":"https:\/\/sonomalandtrust.org\/es\/event\/bano-en-el-bosque-con-jenny-harrow-keeler-3\/","url":"https:\/\/sonomalandtrust.org\/es\/event\/bano-en-el-bosque-con-jenny-harrow-keeler-3\/","name":"Ba\u00f1o en el bosque con Jenny Harrow-Keeler &#8212; Sonoma Land Trust","isPartOf":{"@id":"https:\/\/slt-2026.eclipse-dev.com\/#website"},"primaryImageOfPage":{"@id":"https:\/\/sonomalandtrust.org\/es\/event\/bano-en-el-bosque-con-jenny-harrow-keeler-3\/#primaryimage"},"image":{"@id":"https:\/\/sonomalandtrust.org\/es\/event\/bano-en-el-bosque-con-jenny-harrow-keeler-3\/#primaryimage"},"thumbnailUrl":"https:\/\/sonomalandtrust.org\/wp-content\/uploads\/2026\/03\/eventbrite-image-1773804077.jpg","datePublished":"2026-03-13T01:08:33+00:00","breadcrumb":{"@id":"https:\/\/sonomalandtrust.org\/es\/event\/bano-en-el-bosque-con-jenny-harrow-keeler-3\/#breadcrumb"},"inLanguage":"es","potentialAction":[{"@type":"ReadAction","target":["https:\/\/sonomalandtrust.org\/es\/event\/bano-en-el-bosque-con-jenny-harrow-keeler-3\/"]}]},{"@type":"ImageObject","inLanguage":"es","@id":"https:\/\/sonomalandtrust.org\/es\/event\/bano-en-el-bosque-con-jenny-harrow-keeler-3\/#primaryimage","url":"https:\/\/sonomalandtrust.org\/wp-content\/uploads\/2026\/03\/eventbrite-image-1773804077.jpg","contentUrl":"https:\/\/sonomalandtrust.org\/wp-content\/uploads\/2026\/03\/eventbrite-image-1773804077.jpg","width":1216,"height":754},{"@type":"BreadcrumbList","@id":"https:\/\/sonomalandtrust.org\/es\/event\/bano-en-el-bosque-con-jenny-harrow-keeler-3\/#breadcrumb","itemListElement":[{"@type":"ListItem","position":1,"name":"Home","item":"https:\/\/sonomalandtrust.org\/es\/inicio\/"},{"@type":"ListItem","position":2,"name":"Ba\u00f1o en el bosque con Jenny Harrow-Keeler"}]},{"@type":"WebSite","@id":"https:\/\/slt-2026.eclipse-dev.com\/#website","url":"https:\/\/slt-2026.eclipse-dev.com\/","name":"Sonoma Land Trust","description":"","publisher":{"@id":"https:\/\/slt-2026.eclipse-dev.com\/#organization"},"potentialAction":[{"@type":"SearchAction","target":{"@type":"EntryPoint","urlTemplate":"https:\/\/slt-2026.eclipse-dev.com\/?s={search_term_string}"},"query-input":{"@type":"PropertyValueSpecification","valueRequired":true,"valueName":"search_term_string"}}],"inLanguage":"es"},{"@type":"Organization","@id":"https:\/\/slt-2026.eclipse-dev.com\/#organization","name":"Fondo de Tierras de Sonoma","url":"https:\/\/slt-2026.eclipse-dev.com\/","logo":{"@type":"ImageObject","inLanguage":"es","@id":"https:\/\/slt-2026.eclipse-dev.com\/#\/schema\/logo\/image\/","url":"https:\/\/sonomalandtrust.org\/wp-content\/uploads\/2025\/10\/slt-logo.png","contentUrl":"https:\/\/sonomalandtrust.org\/wp-content\/uploads\/2025\/10\/slt-logo.png","width":549,"height":333,"caption":"Fondo de Tierras de Sonoma"},"image":{"@id":"https:\/\/slt-2026.eclipse-dev.com\/#\/schema\/logo\/image\/"},"sameAs":["http:\/\/www.facebook.com\/Sonoma-Land-Trust\/","https:\/\/www.instagram.com\/sonomalandtrust\/","https:\/\/bsky.app\/profile\/sonomalandtrust.bsky.social","https:\/\/www.youtube.com\/user\/SonomaLandTrust\/","http:\/\/www.linkedin.com\/company\/1090048?trk=tyah"]}]}},"_links":{"self":[{"href":"https:\/\/sonomalandtrust.org\/es\/wp-json\/wp\/v2\/event\/14827","targetHints":{"allow":["GET"]}}],"collection":[{"href":"https:\/\/sonomalandtrust.org\/es\/wp-json\/wp\/v2\/event"}],"about":[{"href":"https:\/\/sonomalandtrust.org\/es\/wp-json\/wp\/v2\/types\/event"}],"wp:featuredmedia":[{"embeddable":true,"href":"https:\/\/sonomalandtrust.org\/es\/wp-json\/wp\/v2\/media\/14830"}],"wp:attachment":[{"href":"https:\/\/sonomalandtrust.org\/es\/wp-json\/wp\/v2\/media?parent=14827"}],"wp:term":[{"taxonomy":"event-type","embeddable":true,"href":"https:\/\/sonomalandtrust.org\/es\/wp-json\/wp\/v2\/event-type?post=14827"},{"taxonomy":"guided-walks-and-hikes-difficult","embeddable":true,"href":"https:\/\/sonomalandtrust.org\/es\/wp-json\/wp\/v2\/guided-walks-and-hikes-difficult?post=14827"}],"curies":[{"name":"wp","href":"https:\/\/api.w.org\/{rel}","templated":true}]}}

Baño en el bosque con Jenny Harrow-Keeler

<div>
<div>
<p>Una sesión guiada de baño de bosque es una práctica basada en la atención plena que invita a los participantes a reducir la velocidad y conectar profundamente con la naturaleza. Dirigida por un guía formado en la naturaleza, esta práctica implica una serie de invitaciones sensoriales para involucrar la vista, el oído, el tacto, el olfato e incluso el gusto. La experiencia fomenta un sentido de conexión no sólo con la naturaleza, sino también con los demás. El baño de bosque no consiste en llegar a un destino, sino en sumergirse en la atmósfera curativa del mundo natural.   </p>
<p>¡Únete a Sonoma Land Trust y Ag + Open Space en la Vía Verde del Sureste de Santa Rosa para bañarte en el bosque!</p>
<p></p>
<p><em><em>La Vía Verde del Sureste de Santa Rosa fue protegida en 2024 por Ag + Open Space para recreo y conservación de sus recursos naturales. Este evento es gratuito y posible gracias a los votantes del condado de Sonoma, que financian la labor de Ag + Open Space con un impuesto sobre las ventas de un cuarto de centavo.</em></em></p>
</div>
</div>

<!-- This site is optimized with the Yoast SEO plugin v27.3 - https://yoast.com/product/yoast-seo-wordpress/ -->
<title>Baño en el bosque con Jenny Harrow-Keeler &#8212; Sonoma Land Trust</title>
<meta name="robots" content="index, follow, max-snippet:-1, max-image-preview:large, max-video-preview:-1" />
<link rel="canonical" href="https://sonomalandtrust.org/es/event/bano-en-el-bosque-con-jenny-harrow-keeler-3/" />
<meta property="og:locale" content="es_ES" />
<meta property="og:type" content="article" />
<meta property="og:title" content="Baño en el bosque con Jenny Harrow-Keeler &#8212; Sonoma Land Trust" />
<meta property="og:description" content="Una sesión guiada de baño de bosque es una práctica basada en la atención plena que invita a los participantes a reducir la velocidad y conectar profundamente con la naturaleza. Dirigida por un guía formado en la naturaleza, esta práctica implica una serie de invitaciones sensoriales para involucrar la vista, el oído, el tacto, el [&hellip;]" />
<meta property="og:url" content="https://sonomalandtrust.org/es/event/bano-en-el-bosque-con-jenny-harrow-keeler-3/" />
<meta property="og:site_name" content="Sonoma Land Trust" />
<meta property="article:publisher" content="http://www.facebook.com/Sonoma-Land-Trust/" />
<meta property="og:image" content="https://sonomalandtrust.org/wp-content/uploads/2026/03/eventbrite-image-1773804077.jpg" />
	<meta property="og:image:width" content="1216" />
	<meta property="og:image:height" content="754" />
	<meta property="og:image:type" content="image/jpeg" />
<meta name="twitter:card" content="summary_large_image" />
<meta name="twitter:label1" content="Est. reading time" />
	<meta name="twitter:data1" content="1 minuto" />
<script type="application/ld+json" class="yoast-schema-graph">{"@context":"https:\/\/schema.org","@graph":[{"@type":"WebPage","@id":"https:\/\/sonomalandtrust.org\/es\/event\/bano-en-el-bosque-con-jenny-harrow-keeler-3\/","url":"https:\/\/sonomalandtrust.org\/es\/event\/bano-en-el-bosque-con-jenny-harrow-keeler-3\/","name":"Baño en el bosque con Jenny Harrow-Keeler &#8212; Sonoma Land Trust","isPartOf":{"@id":"https:\/\/slt-2026.eclipse-dev.com\/#website"},"primaryImageOfPage":{"@id":"https:\/\/sonomalandtrust.org\/es\/event\/bano-en-el-bosque-con-jenny-harrow-keeler-3\/#primaryimage"},"image":{"@id":"https:\/\/sonomalandtrust.org\/es\/event\/bano-en-el-bosque-con-jenny-harrow-keeler-3\/#primaryimage"},"thumbnailUrl":"https:\/\/sonomalandtrust.org\/wp-content\/uploads\/2026\/03\/eventbrite-image-1773804077.jpg","datePublished":"2026-03-13T01:08:33+00:00","breadcrumb":{"@id":"https:\/\/sonomalandtrust.org\/es\/event\/bano-en-el-bosque-con-jenny-harrow-keeler-3\/#breadcrumb"},"inLanguage":"es","potentialAction":[{"@type":"ReadAction","target":["https:\/\/sonomalandtrust.org\/es\/event\/bano-en-el-bosque-con-jenny-harrow-keeler-3\/"]}]},{"@type":"ImageObject","inLanguage":"es","@id":"https:\/\/sonomalandtrust.org\/es\/event\/bano-en-el-bosque-con-jenny-harrow-keeler-3\/#primaryimage","url":"https:\/\/sonomalandtrust.org\/wp-content\/uploads\/2026\/03\/eventbrite-image-1773804077.jpg","contentUrl":"https:\/\/sonomalandtrust.org\/wp-content\/uploads\/2026\/03\/eventbrite-image-1773804077.jpg","width":1216,"height":754},{"@type":"BreadcrumbList","@id":"https:\/\/sonomalandtrust.org\/es\/event\/bano-en-el-bosque-con-jenny-harrow-keeler-3\/#breadcrumb","itemListElement":[{"@type":"ListItem","position":1,"name":"Home","item":"https:\/\/sonomalandtrust.org\/es\/inicio\/"},{"@type":"ListItem","position":2,"name":"Baño en el bosque con Jenny Harrow-Keeler"}]},{"@type":"WebSite","@id":"https:\/\/slt-2026.eclipse-dev.com\/#website","url":"https:\/\/slt-2026.eclipse-dev.com\/","name":"Sonoma Land Trust","description":"","publisher":{"@id":"https:\/\/slt-2026.eclipse-dev.com\/#organization"},"potentialAction":[{"@type":"SearchAction","target":{"@type":"EntryPoint","urlTemplate":"https:\/\/slt-2026.eclipse-dev.com\/?s={search_term_string}"},"query-input":{"@type":"PropertyValueSpecification","valueRequired":true,"valueName":"search_term_string"}}],"inLanguage":"es"},{"@type":"Organization","@id":"https:\/\/slt-2026.eclipse-dev.com\/#organization","name":"Fondo de Tierras de Sonoma","url":"https:\/\/slt-2026.eclipse-dev.com\/","logo":{"@type":"ImageObject","inLanguage":"es","@id":"https:\/\/slt-2026.eclipse-dev.com\/#\/schema\/logo\/image\/","url":"https:\/\/sonomalandtrust.org\/wp-content\/uploads\/2025\/10\/slt-logo.png","contentUrl":"https:\/\/sonomalandtrust.org\/wp-content\/uploads\/2025\/10\/slt-logo.png","width":549,"height":333,"caption":"Fondo de Tierras de Sonoma"},"image":{"@id":"https:\/\/slt-2026.eclipse-dev.com\/#\/schema\/logo\/image\/"},"sameAs":["http:\/\/www.facebook.com\/Sonoma-Land-Trust\/","https:\/\/www.instagram.com\/sonomalandtrust\/","https:\/\/bsky.app\/profile\/sonomalandtrust.bsky.social","https:\/\/www.youtube.com\/user\/SonomaLandTrust\/","http:\/\/www.linkedin.com\/company\/1090048?trk=tyah"]}]}</script>
<!-- / Yoast SEO plugin. -->

Baño en el bosque con Jenny Harrow-Keeler &#8212; Sonoma Land Trust

Una sesión guiada de baño de bosque es una práctica basada en la atención plena que invita a los participantes a reducir la velocidad y conectar profundamente con la naturaleza. Dirigida por un guía formado en la naturaleza, esta práctica implica una serie de invitaciones sensoriales para involucrar la vista, el oído, el tacto, el [&hellip;]
